actor of 63 and 1057?
7
Calculate the highest common factor of 375 and 15.
15
Calculate the greatest common factor of 572 and 1352.
52
Calculate the highest common factor of 27 and 1404.
27
Calculate the greatest common divisor of 77 and 7777.
77
What is the greatest common factor of 11104 and 1041?
347
What is the highest common divisor of 272 and 34?
34
Calculate the greatest common divisor of 30 and 75.
15
Calculate the highest common divisor of 23170 and 70.
70
Calculate the highest common factor of 35 and 84.
7
What is the highest common divisor of 392 and 6566?
98
What is the highest common factor of 264 and 198?
66
Calculate the highest common factor of 98 and 28.
14
Calculate the greatest common divisor of 9875 and 50.
25
What is the greatest common factor of 2880 and 315?
45
Calculate the highest common divisor of 460 and 12.
4
Calculate the greatest common factor of 408 and 17.
17
What is the greatest common divisor of 270 and 54?
54
Calculate the highest common divisor of 16588 and 429.
143
Calculate the highest common factor of 11264 and 66.
22
Calculate the highest common factor of 39 and 455.
13
What is the highest common factor of 200 and 350?
50
What is the highest common factor of 120 and 4155?
15
Calculate the highest common factor of 8 and 728.
8
What is the highest common divisor of 17016 and 96?
24
What is the greatest common factor of 688 and 16?
16
Calculate the highest common factor of 4 and 389.
1
What is the greatest common divisor of 328 and 205?
41
Calculate the greatest common factor of 986 and 2088.
58
What is the greatest common divisor of 490 and 40?
10
Calculate the highest common factor of 30 and 4.
2
What is the highest common factor of 201 and 3417?
201
What is the greatest common factor of 36 and 28?
4
What is the highest common factor of 925 and 37?
37
Calculate the greatest common divisor of 25 and 50075.
25
What is the highest common divisor of 39 and 65?
13
Calculate the highest common factor of 9 and 3195.
9
What is the greatest common divisor of 140 and 84?
28
What is the greatest common divisor of 106 and 1166?
106
Calculate the greatest common divisor of 18 and 207.
9
What is the highest common divisor of 759 and 828?
69
Calculate the greatest common factor of 50 and 275.
25
What is the highest common factor of 5 and 40?
5
What is the greatest common factor of 14 and 826?
14
What is the greatest common divisor of 90 and 3?
3
What is the greatest common divisor of 546 and 390?
78
What is the greatest common factor of 169 and 39?
13
Calculate the greatest common factor of 171 and 36.
9
Calculate the greatest common factor of 446 and 8.
2
What is the greatest common divisor of 496 and 24?
8
Calculate the greatest common factor of 173739 and 87.
87
What is the highest common divisor of 3595 and 5?
5
What is the highest common divisor of 15 and 470?
5
Calculate the highest common factor of 295 and 3127.
59
Calculate the highest common divisor of 7 and 2296.
7
What is the highest common divisor of 6239 and 153?
17
Calculate the greatest common divisor of 54 and 54.
54
What is the greatest common divisor of 36 and 948?
12
What is the highest common factor of 15 and 105?
15
Calculate the highest common divisor of 29 and 1943.
29
Calculate the greatest common factor of 1914 and 231.
33
Calculate the greatest common factor of 533 and 328.
41
Calculate the greatest common divisor of 496 and 112.
16
Calculate the highest common factor of 172 and 215.
43
What is the greatest common factor of 11216 and 16?
16
What is the greatest common factor of 20 and 76?
4
What is the highest common divisor of 9 and 9?
9
What is the greatest common factor of 40 and 5?
5
What is the highest common divisor of 15 and 489?
3
What is the greatest common divisor of 18 and 100?
2
Calculate the highest common factor of 154 and 3278.
22
Calculate the highest common factor of 77 and 329.
7
Calculate the greatest common divisor of 7526 and 71.
71
Calculate the greatest common divisor of 6 and 334.
2
What is the greatest common divisor of 7 and 4?
1
What is the highest common divisor of 16 and 104?
8
What is the greatest common divisor of 23 and 9?
1
What is the greatest common divisor of 4 and 476?
4
Calculate the highest common divisor of 16 and 128.
16
Calculate the greatest common factor of 52 and 234.
26
Calculate the highest common divisor of 104 and 1060.
4
Calculate the greatest common factor of 188 and 8507.
47
Calculate the highest common factor of 2944 and 46.
46
Calculate the highest common divisor of 148 and 15244.
148
Calculate the greatest common divisor of 804 and 12.
12
Calculate the greatest common divisor of 9 and 387.
9
Calculate the highest common factor of 5496 and 264.
24
Calculate the greatest common factor of 181 and 7421.
181
What is the greatest common factor of 14864 and 16?
16
What is the highest common divisor of 27 and 81?
27
What is the greatest common factor of 132 and 102?
6
Calculate the highest common factor of 775 and 31.
31
Calculate the greatest common factor of 6787 and 22.
11
What is the greatest common divisor of 123 and 205?
41
Calculate the highest common factor of 2 and 78.
2
Calculate the greatest common factor of 6 and 498.
6
Calculate the highest common factor of 40 and 2.
2
What is the greatest common factor of 10 and 20690?
10
Calculate the highest common factor of 2116 and 4.
4
Calculate the highest common factor of 168 and 28392.
168
What is the greatest common divisor of 260 and 38740?
260
Calculate the greatest common divisor of 200 and 56.
8
What is the greatest common divisor of 648 and 120?
24
What is the greatest common factor of 340 and 16?
4
What is the greatest common factor of 2889 and 108?
27
Calculate the greatest common factor of 125 and 10.
5
Calculate the greatest common factor of 11 and 704.
11
What is the highest common divisor of 88 and 344?
8
What is the greatest common divisor of 259 and 37?
37
Calculate the greatest common divisor of 3824 and 16.
16
Calculate the greatest common divisor of 242 and 16.
2
Calculate the greatest common factor of 2673 and 11.
11
What is the greatest common factor of 81 and 9?
9
What is the greatest common divisor of 36 and 24?
12
Calculate the highest common factor of 176 and 110.
22
What is the highest common divisor of 45 and 4869?
9
Calculate the greatest common divisor of 651 and 279.
93
Calculate the greatest common divisor of 9 and 3897.
9
Calculate the highest common factor of 500 and 60.
20
Calculate the greatest common factor of 247 and 1121.
19
What is the greatest common divisor of 28 and 1750?
14
What is the highest common divisor of 4160 and 65?
65
Calculate the highest common factor of 304 and 64.
16
Calculate the highest common factor of 897 and 69.
69
Calculate the greatest common divisor of 1235 and 95.
95
What is the highest common divisor of 101 and 3232?
101
Calculate the greatest common divisor of 266 and 76.
38
Calculate the highest common divisor of 510 and 204.
102
What is the greatest common factor of 27 and 1161?
27
Calculate the greatest common factor of 5891 and 137.
137
What is the greatest common factor of 518 and 42?
14
What is the highest common divisor of 3280 and 80?
80
Calculate the greatest common divisor of 48 and 18.
6
Calculate the greatest common factor of 88 and 5192.
88
What is the highest common divisor of 378 and 54?
54
What is the highest common factor of 1242 and 9?
9
Calculate the greatest common divisor of 2288 and 1573.
143
Calculate the highest common factor of 1743 and 21.
21
What is the highest common divisor of 2769 and 568?
71
What is the greatest common divisor of 1247 and 87?
29
What is the highest common factor of 60625 and 485?
485
What is the greatest common factor of 1292 and 34?
34
Calculate the greatest common factor of 29 and 4321.
29
What is the greatest common factor of 864 and 1188?
108
Calculate the greatest common divisor of 5092 and 76.
76
Calculate the highest common factor of 160 and 50.
10
What is the greatest common factor of 15 and 1245?
15
What is the greatest common factor of 318 and 3922?
106
What is the highest common divisor of 52 and 130?
26
What is the greatest common divisor of 23 and 1656?
23
Calculate the greatest common divisor of 92 and 253.
23
Wha